{"id":13,"date":"2022-10-07T11:53:43","date_gmt":"2022-10-07T09:53:43","guid":{"rendered":"http:\/\/www.schadenhofer.com\/?page_id=13"},"modified":"2022-12-04T20:33:24","modified_gmt":"2022-12-04T19:33:24","slug":"ueber-uns","status":"publish","type":"page","link":"http:\/\/www.schadenhofer.com\/?page_id=13","title":{"rendered":"\u00dcber uns"},"content":{"rendered":"\n<p class=\"has-medium-font-size\">Familienbetrieb Schadenhofer stellt sich vor!<\/p>\n\n\n\n<div class=\"tmm tmm_218\"><div class=\"tmm_2_columns tmm_wrap tmm_plugin_f\"><span class=\"tmm_two_containers_tablet\"><\/span><div class=\"tmm_container\"><div class=\"tmm_member\" style=\"border-top:#333333 solid 5px;\"><div class=\"tmm_photo tmm_pic_218_0\" style=\"background: url(http:\/\/www.schadenhofer.com\/wp-content\/uploads\/2022\/10\/Rupert-Schadenhofer.jpg); margin-left: auto; margin-right:auto; background-size:cover !important;\"><\/div><div class=\"tmm_textblock\"><div class=\"tmm_names\"><span class=\"tmm_fname\">Rupert<\/span> <span class=\"tmm_lname\">Schadenhofer<\/span><\/div><div class=\"tmm_job\">Landwirt<\/div><div class=\"tmm_desc\" style=\"text-align:\"><p>Meine Aufgabe am landwirtschaftlichen Betrieb ist das Herdenmanagement. Die Beobachtung der Tiere hat einen sehr hohen Stellenwert und ist eine der wichtigsten Aufgaben. Auch die t\u00e4gliche F\u00fctterung der K\u00fche und der Nachzucht&nbsp; sowie die Bearbeitung der Felder und Wiesen, um die Futtergrundlage f\u00fcr unsere Rinder zu ernten z\u00e4hlt zu meinen Hauptaufgaben.<br>Ich machen diesen Job gerne, weil ich mein eigener Chef sein kann und weil ich gerne mit Tieren arbeite. Es ist ein gutes Gef\u00fchl Lebensmittel zu produzieren, wovon andere Menschen sich ern\u00e4hren k\u00f6nnen.<\/p><\/div><div class=\"tmm_scblock\"><\/div><\/div><\/div><div class=\"tmm_member\" style=\"border-top:#333333 solid 5px;\"><div class=\"tmm_photo tmm_pic_218_1\" style=\"background: url(http:\/\/www.schadenhofer.com\/wp-content\/uploads\/2022\/10\/Eva.jpg); margin-left: auto; margin-right:auto; background-size:cover !important;\"><\/div><div class=\"tmm_textblock\"><div class=\"tmm_names\"><span class=\"tmm_fname\">Eva<\/span> <span class=\"tmm_lname\">Schadenhofer<\/span><\/div><div class=\"tmm_job\">Landwirtin<\/div><div class=\"tmm_desc\" style=\"text-align:\"><p>Meine Aufgabe am Betrieb ist das Aufziehen der K\u00e4lber, sowie die Eutergesundheit der K\u00fche zu kontrollieren und wenn n\u00f6tig zu behandeln. Ebenso bin ich f\u00fcr die Sauberkeit im Stall und das Reinigen des Roboters&nbsp; verantwortlich.<br>Ich mache diesen Job gerne, weil ich mein eigener Chef bin und ein Lebensmittel erzeuge. Ich bin in meinem Job sehr stark mit der Natur verbunden und habe nebenbei noch individuell Zeit f\u00fcr meine Kinder und meinen Partner.<\/p><\/div><div class=\"tmm_scblock\"><\/div><\/div><\/div><span class=\"tmm_two_containers_tablet\"><\/span><\/div><span class=\"tmm_columns_containers_desktop\"><\/span><div class=\"tmm_container\"><div class=\"tmm_member\" style=\"border-top:#333333 solid 5px;\"><div class=\"tmm_photo tmm_pic_218_2\" style=\"background: url(http:\/\/www.schadenhofer.com\/wp-content\/uploads\/2022\/10\/Opa-1.jpg); margin-left: auto; margin-right:auto; background-size:cover !important;\"><\/div><div class=\"tmm_textblock\"><div class=\"tmm_names\"><span class=\"tmm_fname\">Rupert <\/span> <span class=\"tmm_lname\">Schadenhofer sen.<\/span><\/div><div class=\"tmm_job\">Landwirt in der Pension<\/div><div class=\"tmm_desc\" style=\"text-align:\"><p>Ich erledige alle leichten Aufgaben in der Werkstatt, beim Silieren und der Heuernte sowie im Wald. Das Most pressen, B\u00e4ume veredeln sowie die Jungforstpflege im Wald macht mir sehr viel Spa\u00df. Im Winter helfe ich mit Brennholz zu machen. Ich verbringe gerne meine Freizeit am landwirtschaftlichen Betrieb.<\/p><p>&nbsp;<\/p><p>&nbsp;<\/p><\/div><div class=\"tmm_scblock\"><\/div><\/div><\/div><div class=\"tmm_member\" style=\"border-top:#333333 solid 5px;\"><div class=\"tmm_photo tmm_pic_218_3\" style=\"background: url(http:\/\/www.schadenhofer.com\/wp-content\/uploads\/2022\/10\/Oma.jpg); margin-left: auto; margin-right:auto; background-size:cover !important;\"><\/div><div class=\"tmm_textblock\"><div class=\"tmm_names\"><span class=\"tmm_fname\">Veronika<\/span> <span class=\"tmm_lname\">Schadenhofer<\/span><\/div><div class=\"tmm_job\">Landwirtin in der Pension<\/div><div class=\"tmm_desc\" style=\"text-align:\"><p>Meine arbeiten am Landwirtschaftlichen Betreib sind der Haushalt und der Gem\u00fcsegarten. Ebenso eines meiner Hauptaufgaben sind das B\u00fcgeln und die Vorratshaltung unserer Lebensmittel.<br>Es macht mir Freude der Familie ein frisches und gesunden Essen zu kochen.&nbsp;<\/p><p>&nbsp;<\/p><p>&nbsp;<\/p><p>&nbsp;<\/p><\/div><div class=\"tmm_scblock\"><\/div><\/div><\/div><span class=\"tmm_two_containers_tablet\"><\/span><\/div><span class=\"tmm_columns_containers_desktop\"><\/span><div class=\"tmm_container\"><div class=\"tmm_member\" style=\"border-top:#333333 solid 5px;\"><div class=\"tmm_photo tmm_pic_218_4\" style=\"background: url(http:\/\/www.schadenhofer.com\/wp-content\/uploads\/2022\/11\/Michael.jpg); margin-left: auto; margin-right:auto; background-size:cover !important;\"><\/div><div class=\"tmm_textblock\"><div class=\"tmm_names\"><span class=\"tmm_fname\">Michael <\/span> <span class=\"tmm_lname\">Schadenhofer<\/span><\/div><div class=\"tmm_job\">Installateur<\/div><div class=\"tmm_desc\" style=\"text-align:\"><p>Auch ich helfe in meiner Freizeit gerne am landwirtschaftlichen Betrieb zu Hause mit. Egal welche Arbeit zu erledigen ist, ich unterst\u00fctze meine Eltern gerne. Eine meiner Hauptaufgaben ist das Einbringen der Ernte, die Stallarbeit und das Traktor fahren.<\/p><\/div><div class=\"tmm_scblock\"><\/div><\/div><\/div><div class=\"tmm_member\" style=\"border-top:#333333 solid 5px;\"><div class=\"tmm_photo tmm_pic_218_5\" style=\"background: url(http:\/\/www.schadenhofer.com\/wp-content\/uploads\/2022\/10\/Verena-scaled.jpg); margin-left: auto; margin-right:auto; background-size:cover !important;\"><\/div><div class=\"tmm_textblock\"><div class=\"tmm_names\"><span class=\"tmm_fname\">Verena<\/span> <span class=\"tmm_lname\">Schadenhofer<\/span><\/div><div class=\"tmm_job\">Sch\u00fclerin<\/div><div class=\"tmm_desc\" style=\"text-align:\"><p>Neben meinem Job als Sch\u00fclerin versuche auch ich immer wieder bei t\u00e4glichen Aufgaben am Betrieb mitzuwirken. Ich helfe gerne bei der t\u00e4glichen Stallarbeit sowie bei der Hausarbeit mit. Auch das Kochen f\u00fcr die ganze Familie z\u00e4hlt zu meinen Aufgaben.<\/p><\/div><div class=\"tmm_scblock\"><\/div><\/div><\/div><span class=\"tmm_two_containers_tablet\"><\/span><\/div><span class=\"tmm_columns_containers_desktop\"><\/span><div class=\"tmm_container\"><div class=\"tmm_member\" style=\"border-top:#333333 solid 5px;\"><div class=\"tmm_photo tmm_pic_218_6\" style=\"background: url(http:\/\/www.schadenhofer.com\/wp-content\/uploads\/2022\/11\/Romana.jpg); margin-left: auto; margin-right:auto; background-size:cover !important;\"><\/div><div class=\"tmm_textblock\"><div class=\"tmm_names\"><span class=\"tmm_fname\">Romana<\/span> <span class=\"tmm_lname\">Schadenhofer<\/span><\/div><div class=\"tmm_job\">Sch\u00fclerin<\/div><div class=\"tmm_desc\" style=\"text-align:\"><p>Ich helfe sehr gerne am Betrieb mit. Neben der Stallarbeit gehe ich \u00f6fters mit den K\u00e4lbern am Halfter, um sie daran zu gew\u00f6hnen. Ich besch\u00e4ftige mich auch sehr viel mit unseren Katzen und lerne ihnen verschiedene Tricks. Ebenso helfe ich meiner Mama im Haushalt<\/p><\/div><div class=\"tmm_scblock\"><\/div><\/div><\/div><div style=\"clear:both;\"><\/div><\/div><\/div><\/div>\n\n\n\n<p><\/p>\n","protected":false},"excerpt":{"rendered":"<p>Familienbetrieb Schadenhofer stellt sich vor!<\/p>\n","protected":false},"author":1,"featured_media":0,"parent":0,"menu_order":2,"comment_status":"closed","ping_status":"closed","template":"","meta":{"ngg_post_thumbnail":0,"footnotes":""},"class_list":["post-13","page","type-page","status-publish","hentry"],"yoast_head":"<!-- This site is optimized with the Yoast SEO plugin v20.8 - https:\/\/yoast.com\/wordpress\/plugins\/seo\/ -->\n<title>\u00dcber uns - Landwirtschaftlicher Betrieb Schadenhofer<\/title>\n<meta name=\"robots\" content=\"index, follow, max-snippet:-1, max-image-preview:large, max-video-preview:-1\" \/>\n<link rel=\"canonical\" href=\"http:\/\/www.schadenhofer.com\/?page_id=13\" \/>\n<meta property=\"og:locale\" content=\"de_DE\" \/>\n<meta property=\"og:type\" content=\"article\" \/>\n<meta property=\"og:title\" content=\"\u00dcber uns - Landwirtschaftlicher Betrieb Schadenhofer\" \/>\n<meta property=\"og:description\" content=\"Familienbetrieb Schadenhofer stellt sich vor!\" \/>\n<meta property=\"og:url\" content=\"http:\/\/www.schadenhofer.com\/?page_id=13\" \/>\n<meta property=\"og:site_name\" content=\"Landwirtschaftlicher Betrieb Schadenhofer\" \/>\n<meta property=\"article:modified_time\" content=\"2022-12-04T19:33:24+00:00\" \/>\n<meta name=\"twitter:card\" content=\"summary_large_image\" \/>\n<script type=\"application\/ld+json\" class=\"yoast-schema-graph\">{\"@context\":\"https:\/\/schema.org\",\"@graph\":[{\"@type\":\"WebPage\",\"@id\":\"http:\/\/www.schadenhofer.com\/?page_id=13\",\"url\":\"http:\/\/www.schadenhofer.com\/?page_id=13\",\"name\":\"\u00dcber uns - Landwirtschaftlicher Betrieb Schadenhofer\",\"isPartOf\":{\"@id\":\"http:\/\/www.schadenhofer.com\/#website\"},\"datePublished\":\"2022-10-07T09:53:43+00:00\",\"dateModified\":\"2022-12-04T19:33:24+00:00\",\"breadcrumb\":{\"@id\":\"http:\/\/www.schadenhofer.com\/?page_id=13#breadcrumb\"},\"inLanguage\":\"de\",\"potentialAction\":[{\"@type\":\"ReadAction\",\"target\":[\"http:\/\/www.schadenhofer.com\/?page_id=13\"]}]},{\"@type\":\"BreadcrumbList\",\"@id\":\"http:\/\/www.schadenhofer.com\/?page_id=13#breadcrumb\",\"itemListElement\":[{\"@type\":\"ListItem\",\"position\":1,\"name\":\"Startseite\",\"item\":\"http:\/\/www.schadenhofer.com\/\"},{\"@type\":\"ListItem\",\"position\":2,\"name\":\"\u00dcber uns\"}]},{\"@type\":\"WebSite\",\"@id\":\"http:\/\/www.schadenhofer.com\/#website\",\"url\":\"http:\/\/www.schadenhofer.com\/\",\"name\":\"Landwirtschaftlicher Betrieb Schadenhofer\",\"description\":\"Milchviehbetrieb im Mostviertel\",\"publisher\":{\"@id\":\"http:\/\/www.schadenhofer.com\/#organization\"},\"potentialAction\":[{\"@type\":\"SearchAction\",\"target\":{\"@type\":\"EntryPoint\",\"urlTemplate\":\"http:\/\/www.schadenhofer.com\/?s={search_term_string}\"},\"query-input\":\"required name=search_term_string\"}],\"inLanguage\":\"de\"},{\"@type\":\"Organization\",\"@id\":\"http:\/\/www.schadenhofer.com\/#organization\",\"name\":\"Schadenhofer\",\"alternateName\":\"Landwirtschaftlicher Betrieb Schadenhofer\",\"url\":\"http:\/\/www.schadenhofer.com\/\",\"logo\":{\"@type\":\"ImageObject\",\"inLanguage\":\"de\",\"@id\":\"http:\/\/www.schadenhofer.com\/#\/schema\/logo\/image\/\",\"url\":\"http:\/\/www.schadenhofer.com\/wp-content\/uploads\/2023\/04\/cropped-Banner-neu-Website-scaled-1.jpg\",\"contentUrl\":\"http:\/\/www.schadenhofer.com\/wp-content\/uploads\/2023\/04\/cropped-Banner-neu-Website-scaled-1.jpg\",\"width\":2558,\"height\":367,\"caption\":\"Schadenhofer\"},\"image\":{\"@id\":\"http:\/\/www.schadenhofer.com\/#\/schema\/logo\/image\/\"}}]}<\/script>\n<!-- \/ Yoast SEO plugin. -->","yoast_head_json":{"title":"\u00dcber uns - Landwirtschaftlicher Betrieb Schadenhofer","robots":{"index":"index","follow":"follow","max-snippet":"max-snippet:-1","max-image-preview":"max-image-preview:large","max-video-preview":"max-video-preview:-1"},"canonical":"http:\/\/www.schadenhofer.com\/?page_id=13","og_locale":"de_DE","og_type":"article","og_title":"\u00dcber uns - Landwirtschaftlicher Betrieb Schadenhofer","og_description":"Familienbetrieb Schadenhofer stellt sich vor!","og_url":"http:\/\/www.schadenhofer.com\/?page_id=13","og_site_name":"Landwirtschaftlicher Betrieb Schadenhofer","article_modified_time":"2022-12-04T19:33:24+00:00","twitter_card":"summary_large_image","schema":{"@context":"https:\/\/schema.org","@graph":[{"@type":"WebPage","@id":"http:\/\/www.schadenhofer.com\/?page_id=13","url":"http:\/\/www.schadenhofer.com\/?page_id=13","name":"\u00dcber uns - Landwirtschaftlicher Betrieb Schadenhofer","isPartOf":{"@id":"http:\/\/www.schadenhofer.com\/#website"},"datePublished":"2022-10-07T09:53:43+00:00","dateModified":"2022-12-04T19:33:24+00:00","breadcrumb":{"@id":"http:\/\/www.schadenhofer.com\/?page_id=13#breadcrumb"},"inLanguage":"de","potentialAction":[{"@type":"ReadAction","target":["http:\/\/www.schadenhofer.com\/?page_id=13"]}]},{"@type":"BreadcrumbList","@id":"http:\/\/www.schadenhofer.com\/?page_id=13#breadcrumb","itemListElement":[{"@type":"ListItem","position":1,"name":"Startseite","item":"http:\/\/www.schadenhofer.com\/"},{"@type":"ListItem","position":2,"name":"\u00dcber uns"}]},{"@type":"WebSite","@id":"http:\/\/www.schadenhofer.com\/#website","url":"http:\/\/www.schadenhofer.com\/","name":"Landwirtschaftlicher Betrieb Schadenhofer","description":"Milchviehbetrieb im Mostviertel","publisher":{"@id":"http:\/\/www.schadenhofer.com\/#organization"},"potentialAction":[{"@type":"SearchAction","target":{"@type":"EntryPoint","urlTemplate":"http:\/\/www.schadenhofer.com\/?s={search_term_string}"},"query-input":"required name=search_term_string"}],"inLanguage":"de"},{"@type":"Organization","@id":"http:\/\/www.schadenhofer.com\/#organization","name":"Schadenhofer","alternateName":"Landwirtschaftlicher Betrieb Schadenhofer","url":"http:\/\/www.schadenhofer.com\/","logo":{"@type":"ImageObject","inLanguage":"de","@id":"http:\/\/www.schadenhofer.com\/#\/schema\/logo\/image\/","url":"http:\/\/www.schadenhofer.com\/wp-content\/uploads\/2023\/04\/cropped-Banner-neu-Website-scaled-1.jpg","contentUrl":"http:\/\/www.schadenhofer.com\/wp-content\/uploads\/2023\/04\/cropped-Banner-neu-Website-scaled-1.jpg","width":2558,"height":367,"caption":"Schadenhofer"},"image":{"@id":"http:\/\/www.schadenhofer.com\/#\/schema\/logo\/image\/"}}]}},"_links":{"self":[{"href":"http:\/\/www.schadenhofer.com\/index.php?rest_route=\/wp\/v2\/pages\/13","targetHints":{"allow":["GET"]}}],"collection":[{"href":"http:\/\/www.schadenhofer.com\/index.php?rest_route=\/wp\/v2\/pages"}],"about":[{"href":"http:\/\/www.schadenhofer.com\/index.php?rest_route=\/wp\/v2\/types\/page"}],"author":[{"embeddable":true,"href":"http:\/\/www.schadenhofer.com\/index.php?rest_route=\/wp\/v2\/users\/1"}],"replies":[{"embeddable":true,"href":"http:\/\/www.schadenhofer.com\/index.php?rest_route=%2Fwp%2Fv2%2Fcomments&post=13"}],"version-history":[{"count":19,"href":"http:\/\/www.schadenhofer.com\/index.php?rest_route=\/wp\/v2\/pages\/13\/revisions"}],"predecessor-version":[{"id":266,"href":"http:\/\/www.schadenhofer.com\/index.php?rest_route=\/wp\/v2\/pages\/13\/revisions\/266"}],"wp:attachment":[{"href":"http:\/\/www.schadenhofer.com\/index.php?rest_route=%2Fwp%2Fv2%2Fmedia&parent=13"}],"curies":[{"name":"wp","href":"https:\/\/api.w.org\/{rel}","templated":true}]}}